7 and 75466?
97
Calculate the highest common divisor of 5112 and 3150.
18
Calculate the highest common factor of 248070 and 60.
30
What is the greatest common divisor of 410 and 32841?
41
Calculate the highest common factor of 439440 and 180.
60
What is the greatest common divisor of 6 and 11688?
6
What is the greatest common factor of 968 and 4829?
11
What is the greatest common factor of 2840 and 290816?
568
Calculate the greatest common factor of 232 and 9032.
8
What is the greatest common factor of 478 and 100619?
239
Calculate the greatest common factor of 12 and 26118.
6
What is the greatest common divisor of 1468 and 5894020?
1468
Calculate the highest common divisor of 429513 and 543.
543
Calculate the greatest common factor of 349376 and 424.
424
Calculate the greatest common factor of 10467 and 18.
9
What is the greatest common divisor of 593 and 50405?
593
Calculate the greatest common factor of 1821040 and 206.
206
What is the greatest common divisor of 5520 and 57270?
690
Calculate the highest common factor of 169908 and 9.
3
What is the highest common divisor of 11 and 6204?
11
What is the highest common factor of 68695 and 385?
55
What is the highest common divisor of 31429 and 4151?
593
Calculate the greatest common divisor of 4315 and 2770.
5
What is the greatest common divisor of 1110 and 176130?
30
Calculate the greatest common divisor of 609993 and 36.
9
What is the greatest common factor of 2205 and 720?
45
What is the greatest common factor of 600 and 18168?
24
What is the greatest common factor of 42 and 197?
1
Calculate the highest common factor of 28034 and 856.
214
Calculate the greatest common divisor of 62729 and 25330.
149
What is the highest common factor of 3 and 428?
1
Calculate the greatest common divisor of 408624 and 360.
24
What is the highest common divisor of 19 and 379?
1
What is the greatest common divisor of 8 and 14252?
4
Calculate the highest common factor of 344459 and 6872.
859
What is the highest common factor of 543269 and 17?
17
What is the highest common factor of 6735 and 33?
3
Calculate the highest common divisor of 2255 and 677402.
451
Calculate the highest common divisor of 1855 and 35700.
35
What is the greatest common factor of 142 and 3376476?
142
Calculate the highest common factor of 162 and 53622.
162
Calculate the highest common factor of 3849862 and 298.
298
Calculate the highest common factor of 48 and 296768.
16
What is the highest common factor of 775 and 62?
31
Calculate the highest common factor of 664 and 6114776.
664
What is the highest common factor of 2240735 and 140?
35
Calculate the greatest common factor of 315 and 1344.
21
Calculate the highest common divisor of 425584 and 536.
536
What is the greatest common factor of 24310 and 208?
26
What is the greatest common factor of 1274 and 1066?
26
What is the highest common factor of 72 and 20408?
8
What is the greatest common factor of 29733 and 4134?
159
What is the greatest common factor of 1282165 and 4434?
739
Calculate the highest common factor of 1202190 and 990.
330
What is the greatest common factor of 3706 and 51?
17
What is the highest common divisor of 233 and 4?
1
Calculate the highest common divisor of 2415202 and 1158.
386
Calculate the greatest common factor of 22804 and 4.
4
Calculate the highest common factor of 13725 and 1600.
25
Calculate the greatest common divisor of 4232 and 36248.
184
Calculate the highest common factor of 12433 and 3.
1
What is the highest common factor of 4820 and 1180?
20
What is the highest common divisor of 603 and 338819?
67
What is the highest common divisor of 27 and 9510?
3
What is the greatest common factor of 3222 and 2506?
358
Calculate the highest common factor of 23732 and 442.
34
Calculate the highest common divisor of 11145 and 465.
15
Calculate the highest common factor of 2857870 and 170.
170
Calculate the greatest common divisor of 109170 and 45.
45
What is the greatest common factor of 8126 and 72656?
478
What is the highest common divisor of 4942 and 42?
14
What is the highest common factor of 85355 and 215?
215
Calculate the greatest common divisor of 536833 and 1628.
407
Calculate the highest common divisor of 1172832 and 64.
32
What is the greatest common divisor of 288266 and 99?
11
Calculate the greatest common divisor of 196251 and 10032.
627
Calculate the highest common factor of 247 and 27037.
19
Calculate the highest common divisor of 489175 and 1955.
85
What is the highest common divisor of 5787428 and 716?
716
What is the highest common factor of 158 and 8941378?
158
What is the greatest common divisor of 25 and 26150?
25
What is the greatest common divisor of 130243 and 417?
139
Calculate the highest common factor of 266 and 297122.
266
Calculate the highest common factor of 642 and 252734.
214
Calculate the greatest common factor of 14 and 86.
2
What is the highest common divisor of 50 and 674?
2
Calculate the highest common factor of 1239 and 42539.
413
Calculate the highest common factor of 39 and 1056549.
39
Calculate the highest common factor of 189225 and 1044.
261
What is the greatest common divisor of 548 and 5069?
137
What is the greatest common factor of 152 and 136876?
76
Calculate the greatest common divisor of 503850 and 1050.
150
Calculate the greatest common factor of 544 and 8992.
32
What is the highest common factor of 573804 and 4416?
276
What is the highest common factor of 1026 and 175446?
1026
What is the greatest common factor of 908 and 7491?
227
Calculate the greatest common factor of 130575 and 11625.
75
Calculate the greatest common factor of 9 and 3957732.
9
What is the greatest common factor of 181743 and 3393?
87
What is the greatest common factor of 112210 and 1960?
490
What is the greatest common factor of 22685637 and 39?
39
Calculate the highest common divisor of 145 and 505.
5
Calculate the highest common divisor of 256 and 87072.
32
Calculate the greatest common divisor of 55568 and 1104.
368
What is the greatest common divisor of 103170 and 120?
30
Calculate the greatest common factor of 16 and 52696.
8
Calculate the greatest common divisor of 62883 and 685.
137
Calculate the greatest common factor of 2059 and 4828.
71
What is the highest common divisor of 5061714 and 4788?
798
What is the greatest common factor of 4810 and 2590?
370
Calculate the greatest common factor of 38962 and 1573.
121
Calculate the highest common factor of 50115 and 780.
195
What is the greatest common divisor of 72189 and 351?
117
What is the highest common factor of 2601 and 310131?
153
What is the highest common divisor of 168 and 13426?
14
Calculate the greatest common divisor of 4625 and 898175.
925
What is the greatest common divisor of 41 and 35875?
41
Calculate the highest common divisor of 344 and 392.
8
What is the highest common factor of 4670 and 220424?
934
What is the greatest common factor of 920207 and 46?
23
Calculate the greatest common divisor of 16 and 98096.
16
What is the highest common divisor of 3912 and 371803?
163
What is the highest common divisor of 22181 and 287?
41
What is the highest common divisor of 610 and 4021852?
122
What is the highest common divisor of 335 and 6130835?
335
Calculate the greatest common factor of 664083 and 7.
7
Calculate the highest common divisor of 94640 and 35.
35
Calculate the greatest common divisor of 18644 and 7552.
236
Calculate the greatest common divisor of 54336 and 36.
12
What is the greatest common factor of 214617 and 39?
39
What is the highest common divisor of 6840 and 136040?
760
What is the greatest common factor of 260218 and 56?
14
What is the highest common factor of 44479 and 19?
19
What is the highest common divisor of 256440 and 72?
24
What is the highest common divisor of 5 and 121955?
5
Calculate the greatest common factor of 25215 and 246.
123
Calculate the greatest common divisor of 210 and 107880.
30
Calculate the highest common factor of 156058 and 98.
14
Calculate the greatest common divisor of 290 and 18038.
58
What is the highest common divisor of 179830 and 4410?
490
What is the highest common factor of 1537212 and 636?
636
What is the highest common factor of 37452 and 42?
6
What is the highest common factor of 247 and 10355?
19
Calculate the greatest